{"id":2093,"date":"2019-06-19T11:30:44","date_gmt":"2019-06-19T10:30:44","guid":{"rendered":"http:\/\/update.seabornnetworks.com\/?page_id=2093"},"modified":"2025-04-21T16:01:56","modified_gmt":"2025-04-21T15:01:56","slug":"servicos-de-ethernet","status":"publish","type":"page","link":"https:\/\/seabornnetworks.com\/homolog\/produtos\/servicos-de-ethernet\/?lang=pt-br","title":{"rendered":"Servi\u00e7os de Ethernet"},"content":{"rendered":"<p>No ambiente de comunica\u00e7\u00f5es atual, com ritmo acelerado e altamente complexo, as empresas exigem conectividade de dados segura e confi\u00e1vel entre v\u00e1rios pontos, locais e globais. Para garantir que sua empresa tenha a conex\u00e3o necess\u00e1ria, com custo e seguran\u00e7a ideais, as solu\u00e7\u00f5es de servi\u00e7o Ethernet de alta disponibilidade da Seaborn Networks fornecem op\u00e7\u00f5es concebidas com perfei\u00e7\u00e3o para suas necessidades.<\/p>\n<p><span style=\"font-weight: 400;\">A Seaborn Networks\u00a0 oferece uma linha completa de solu\u00e7\u00f5es Ethernet em conformidade com os padr\u00f5es MEF, conectando os mercados mais cr\u00edticos nas Am\u00e9ricas e al\u00e9m.<\/span><span style=\"font-weight: 400;\"><br \/>\n<\/span><span style=\"font-weight: 400;\"><br \/>\n<\/span><span style=\"font-weight: 400;\">Com todos os recursos e altamente escal\u00e1vel, os servi\u00e7os de Ethernet da Seaborn s\u00e3o projetados para velocidade e escala utilizando a plataforma mais nova e mais tolerante a erros do mercado.<\/span><span style=\"font-weight: 400;\"><br \/>\n<\/span><span style=\"font-weight: 400;\"><br \/>\n<\/span><span style=\"font-weight: 400;\">As portas Ethernet est\u00e3o dispon\u00edveis em interfaces de 1 Gb, 10 Gb e 100 Gb com Conex\u00f5es Virtuais Ethernet (EVCs) configuradas de acordo com sua escolha quanto aos n\u00edveis de classe de servi\u00e7o (CoS).<\/span><\/p>\n<ul>\n<li style=\"font-weight: 400;\" aria-level=\"1\"><span style=\"font-weight: 400;\">\u00a0Servi\u00e7o E-line: Disponibiliza conectividade ponto a ponto entregue como Linha Privada Ethernet (EPL) ou Linha Privada Virtual Ethernet (EVPL)<\/span><\/li>\n<li style=\"font-weight: 400;\" aria-level=\"1\"><span style=\"font-weight: 400;\">Servi\u00e7o E-LAN: Disponibiliza conectividade privada ponto a multiponto entregue como Ethernet Privada LAN e Virtual Ethernet privada LAN<\/span><\/li>\n<li style=\"font-weight: 400;\" aria-level=\"1\"><span style=\"font-weight: 400;\">Servi\u00e7o E-Tree: Oferece capacidade multipontos fornecendo sites com conectividade hub e spoke como conex\u00e3o privada ou virtual<\/span><\/li>\n<\/ul>\n<p><strong>Para solicita\u00e7\u00f5es de projeto e informa\u00e7\u00f5es sobre pre\u00e7os desta solu\u00e7\u00e3o, entre em contato com o time comercial pelo telefone +55 11 91851-5189 ou envie um e-mail para <a href=\"mailto:info@seabornnetworks.com\">info@seabornnetworks.com<\/a><\/strong><\/p>\n","protected":false},"excerpt":{"rendered":"<p>No ambiente de comunica\u00e7\u00f5es atual, com ritmo acelerado e altamente complexo, as empresas exigem conectividade de dados segura e confi\u00e1vel entre v\u00e1rios pontos, locais e globais. Para garantir que sua empresa tenha a conex\u00e3o necess\u00e1ria, com custo e seguran\u00e7a ideais, as solu\u00e7\u00f5es de servi\u00e7o Ethernet de alta disponibilidade da Seaborn Networks fornecem op\u00e7\u00f5es concebidas com [&hellip;]<\/p>\n","protected":false},"author":2,"featured_media":4383,"parent":2087,"menu_order":4,"comment_status":"closed","ping_status":"closed","template":"","meta":{"_acf_changed":false,"footnotes":""},"class_list":["post-2093","page","type-page","status-publish","has-post-thumbnail","hentry"],"acf":[],"yoast_head":"<!-- This site is optimized with the Yoast SEO plugin v27.3 - https:\/\/yoast.com\/product\/yoast-seo-wordpress\/ -->\n<title>Brazil Ethernet Services, Provider, Solutions, USA | Seaborn<\/title>\n<meta name=\"description\" content=\"Seaborn\u2019s high availability, tailored Ethernet Service solutions provide the answers designed perfectly for your needs.\" \/>\n<meta name=\"robots\" content=\"index, follow, max-snippet:-1, max-image-preview:large, max-video-preview:-1\" \/>\n<link rel=\"canonical\" href=\"https:\/\/seabornnetworks.com\/homolog\/produtos\/servicos-de-ethernet\/?lang=pt-br\" \/>\n<meta property=\"og:locale\" content=\"en_US\" \/>\n<meta property=\"og:type\" content=\"article\" \/>\n<meta property=\"og:title\" content=\"Brazil Ethernet Services, Provider, Solutions, USA | Seaborn\" \/>\n<meta property=\"og:description\" content=\"Seaborn\u2019s high availability, tailored Ethernet Service solutions provide the answers designed perfectly for your needs.\" \/>\n<meta property=\"og:url\" content=\"https:\/\/seabornnetworks.com\/homolog\/produtos\/servicos-de-ethernet\/?lang=pt-br\" \/>\n<meta property=\"og:site_name\" content=\"Seaborn Networks\" \/>\n<meta property=\"article:publisher\" content=\"https:\/\/www.facebook.com\/seabornnetworks\" \/>\n<meta property=\"article:modified_time\" content=\"2025-04-21T15:01:56+00:00\" \/>\n<meta property=\"og:image\" content=\"https:\/\/seabornnetworks.com\/homolog\/wp-content\/uploads\/2022\/01\/The-Network-System-Of-A-Metro-Ethernet-Fiber.jpg\" \/>\n\t<meta property=\"og:image:width\" content=\"1270\" \/>\n\t<meta property=\"og:image:height\" content=\"546\" \/>\n\t<meta property=\"og:image:type\" content=\"image\/jpeg\" \/>\n<meta name=\"twitter:card\" content=\"summary_large_image\" \/>\n<meta name=\"twitter:site\" content=\"@seabornnetworks\" \/>\n<meta name=\"twitter:label1\" content=\"Est. reading time\" \/>\n\t<meta name=\"twitter:data1\" content=\"2 minutes\" \/>\n<script type=\"application\/ld+json\" class=\"yoast-schema-graph\">{\"@context\":\"https:\\\/\\\/schema.org\",\"@graph\":[{\"@type\":\"WebPage\",\"@id\":\"https:\\\/\\\/seabornnetworks.com\\\/homolog\\\/produtos\\\/servicos-de-ethernet\\\/?lang=pt-br\",\"url\":\"https:\\\/\\\/seabornnetworks.com\\\/homolog\\\/produtos\\\/servicos-de-ethernet\\\/?lang=pt-br\",\"name\":\"Brazil Ethernet Services, Provider, Solutions, USA | Seaborn\",\"isPartOf\":{\"@id\":\"https:\\\/\\\/seabornnetworks.com\\\/homolog\\\/#website\"},\"primaryImageOfPage\":{\"@id\":\"https:\\\/\\\/seabornnetworks.com\\\/homolog\\\/produtos\\\/servicos-de-ethernet\\\/?lang=pt-br#primaryimage\"},\"image\":{\"@id\":\"https:\\\/\\\/seabornnetworks.com\\\/homolog\\\/produtos\\\/servicos-de-ethernet\\\/?lang=pt-br#primaryimage\"},\"thumbnailUrl\":\"https:\\\/\\\/seabornnetworks.com\\\/homolog\\\/wp-content\\\/uploads\\\/2022\\\/01\\\/The-Network-System-Of-A-Metro-Ethernet-Fiber.jpg\",\"datePublished\":\"2019-06-19T10:30:44+00:00\",\"dateModified\":\"2025-04-21T15:01:56+00:00\",\"description\":\"Seaborn\u2019s high availability, tailored Ethernet Service solutions provide the answers designed perfectly for your needs.\",\"breadcrumb\":{\"@id\":\"https:\\\/\\\/seabornnetworks.com\\\/homolog\\\/produtos\\\/servicos-de-ethernet\\\/?lang=pt-br#breadcrumb\"},\"inLanguage\":\"en-US\",\"potentialAction\":[{\"@type\":\"ReadAction\",\"target\":[\"https:\\\/\\\/seabornnetworks.com\\\/homolog\\\/produtos\\\/servicos-de-ethernet\\\/?lang=pt-br\"]}]},{\"@type\":\"ImageObject\",\"inLanguage\":\"en-US\",\"@id\":\"https:\\\/\\\/seabornnetworks.com\\\/homolog\\\/produtos\\\/servicos-de-ethernet\\\/?lang=pt-br#primaryimage\",\"url\":\"https:\\\/\\\/seabornnetworks.com\\\/homolog\\\/wp-content\\\/uploads\\\/2022\\\/01\\\/The-Network-System-Of-A-Metro-Ethernet-Fiber.jpg\",\"contentUrl\":\"https:\\\/\\\/seabornnetworks.com\\\/homolog\\\/wp-content\\\/uploads\\\/2022\\\/01\\\/The-Network-System-Of-A-Metro-Ethernet-Fiber.jpg\",\"width\":1270,\"height\":546},{\"@type\":\"BreadcrumbList\",\"@id\":\"https:\\\/\\\/seabornnetworks.com\\\/homolog\\\/produtos\\\/servicos-de-ethernet\\\/?lang=pt-br#breadcrumb\",\"itemListElement\":[{\"@type\":\"ListItem\",\"position\":1,\"name\":\"Home\",\"item\":\"https:\\\/\\\/seabornnetworks.com\\\/homolog\\\/\"},{\"@type\":\"ListItem\",\"position\":2,\"name\":\"Produtos da Seaborn Networks\",\"item\":\"https:\\\/\\\/seabornnetworks.com\\\/homolog\\\/produtos\\\/?lang=pt-br\"},{\"@type\":\"ListItem\",\"position\":3,\"name\":\"Servi\u00e7os de Ethernet\"}]},{\"@type\":\"WebSite\",\"@id\":\"https:\\\/\\\/seabornnetworks.com\\\/homolog\\\/#website\",\"url\":\"https:\\\/\\\/seabornnetworks.com\\\/homolog\\\/\",\"name\":\"Seaborn Networks\",\"description\":\"Seaborn Networks is transforming global communications as the leading independent developer-owner-operator of submarine fiber optic cable systems\",\"potentialAction\":[{\"@type\":\"SearchAction\",\"target\":{\"@type\":\"EntryPoint\",\"urlTemplate\":\"https:\\\/\\\/seabornnetworks.com\\\/homolog\\\/?s={search_term_string}\"},\"query-input\":{\"@type\":\"PropertyValueSpecification\",\"valueRequired\":true,\"valueName\":\"search_term_string\"}}],\"inLanguage\":\"en-US\"}]}<\/script>\n<!-- \/ Yoast SEO plugin. -->","yoast_head_json":{"title":"Brazil Ethernet Services, Provider, Solutions, USA | Seaborn","description":"Seaborn\u2019s high availability, tailored Ethernet Service solutions provide the answers designed perfectly for your needs.","robots":{"index":"index","follow":"follow","max-snippet":"max-snippet:-1","max-image-preview":"max-image-preview:large","max-video-preview":"max-video-preview:-1"},"canonical":"https:\/\/seabornnetworks.com\/homolog\/produtos\/servicos-de-ethernet\/?lang=pt-br","og_locale":"en_US","og_type":"article","og_title":"Brazil Ethernet Services, Provider, Solutions, USA | Seaborn","og_description":"Seaborn\u2019s high availability, tailored Ethernet Service solutions provide the answers designed perfectly for your needs.","og_url":"https:\/\/seabornnetworks.com\/homolog\/produtos\/servicos-de-ethernet\/?lang=pt-br","og_site_name":"Seaborn Networks","article_publisher":"https:\/\/www.facebook.com\/seabornnetworks","article_modified_time":"2025-04-21T15:01:56+00:00","og_image":[{"width":1270,"height":546,"url":"https:\/\/seabornnetworks.com\/homolog\/wp-content\/uploads\/2022\/01\/The-Network-System-Of-A-Metro-Ethernet-Fiber.jpg","type":"image\/jpeg"}],"twitter_card":"summary_large_image","twitter_site":"@seabornnetworks","twitter_misc":{"Est. reading time":"2 minutes"},"schema":{"@context":"https:\/\/schema.org","@graph":[{"@type":"WebPage","@id":"https:\/\/seabornnetworks.com\/homolog\/produtos\/servicos-de-ethernet\/?lang=pt-br","url":"https:\/\/seabornnetworks.com\/homolog\/produtos\/servicos-de-ethernet\/?lang=pt-br","name":"Brazil Ethernet Services, Provider, Solutions, USA | Seaborn","isPartOf":{"@id":"https:\/\/seabornnetworks.com\/homolog\/#website"},"primaryImageOfPage":{"@id":"https:\/\/seabornnetworks.com\/homolog\/produtos\/servicos-de-ethernet\/?lang=pt-br#primaryimage"},"image":{"@id":"https:\/\/seabornnetworks.com\/homolog\/produtos\/servicos-de-ethernet\/?lang=pt-br#primaryimage"},"thumbnailUrl":"https:\/\/seabornnetworks.com\/homolog\/wp-content\/uploads\/2022\/01\/The-Network-System-Of-A-Metro-Ethernet-Fiber.jpg","datePublished":"2019-06-19T10:30:44+00:00","dateModified":"2025-04-21T15:01:56+00:00","description":"Seaborn\u2019s high availability, tailored Ethernet Service solutions provide the answers designed perfectly for your needs.","breadcrumb":{"@id":"https:\/\/seabornnetworks.com\/homolog\/produtos\/servicos-de-ethernet\/?lang=pt-br#breadcrumb"},"inLanguage":"en-US","potentialAction":[{"@type":"ReadAction","target":["https:\/\/seabornnetworks.com\/homolog\/produtos\/servicos-de-ethernet\/?lang=pt-br"]}]},{"@type":"ImageObject","inLanguage":"en-US","@id":"https:\/\/seabornnetworks.com\/homolog\/produtos\/servicos-de-ethernet\/?lang=pt-br#primaryimage","url":"https:\/\/seabornnetworks.com\/homolog\/wp-content\/uploads\/2022\/01\/The-Network-System-Of-A-Metro-Ethernet-Fiber.jpg","contentUrl":"https:\/\/seabornnetworks.com\/homolog\/wp-content\/uploads\/2022\/01\/The-Network-System-Of-A-Metro-Ethernet-Fiber.jpg","width":1270,"height":546},{"@type":"BreadcrumbList","@id":"https:\/\/seabornnetworks.com\/homolog\/produtos\/servicos-de-ethernet\/?lang=pt-br#breadcrumb","itemListElement":[{"@type":"ListItem","position":1,"name":"Home","item":"https:\/\/seabornnetworks.com\/homolog\/"},{"@type":"ListItem","position":2,"name":"Produtos da Seaborn Networks","item":"https:\/\/seabornnetworks.com\/homolog\/produtos\/?lang=pt-br"},{"@type":"ListItem","position":3,"name":"Servi\u00e7os de Ethernet"}]},{"@type":"WebSite","@id":"https:\/\/seabornnetworks.com\/homolog\/#website","url":"https:\/\/seabornnetworks.com\/homolog\/","name":"Seaborn Networks","description":"Seaborn Networks is transforming global communications as the leading independent developer-owner-operator of submarine fiber optic cable systems","potentialAction":[{"@type":"SearchAction","target":{"@type":"EntryPoint","urlTemplate":"https:\/\/seabornnetworks.com\/homolog\/?s={search_term_string}"},"query-input":{"@type":"PropertyValueSpecification","valueRequired":true,"valueName":"search_term_string"}}],"inLanguage":"en-US"}]}},"_links":{"self":[{"href":"https:\/\/seabornnetworks.com\/homolog\/wp-json\/wp\/v2\/pages\/2093","targetHints":{"allow":["GET"]}}],"collection":[{"href":"https:\/\/seabornnetworks.com\/homolog\/wp-json\/wp\/v2\/pages"}],"about":[{"href":"https:\/\/seabornnetworks.com\/homolog\/wp-json\/wp\/v2\/types\/page"}],"author":[{"embeddable":true,"href":"https:\/\/seabornnetworks.com\/homolog\/wp-json\/wp\/v2\/users\/2"}],"replies":[{"embeddable":true,"href":"https:\/\/seabornnetworks.com\/homolog\/wp-json\/wp\/v2\/comments?post=2093"}],"version-history":[{"count":7,"href":"https:\/\/seabornnetworks.com\/homolog\/wp-json\/wp\/v2\/pages\/2093\/revisions"}],"predecessor-version":[{"id":5396,"href":"https:\/\/seabornnetworks.com\/homolog\/wp-json\/wp\/v2\/pages\/2093\/revisions\/5396"}],"up":[{"embeddable":true,"href":"https:\/\/seabornnetworks.com\/homolog\/wp-json\/wp\/v2\/pages\/2087"}],"wp:featuredmedia":[{"embeddable":true,"href":"https:\/\/seabornnetworks.com\/homolog\/wp-json\/wp\/v2\/media\/4383"}],"wp:attachment":[{"href":"https:\/\/seabornnetworks.com\/homolog\/wp-json\/wp\/v2\/media?parent=2093"}],"curies":[{"name":"wp","href":"https:\/\/api.w.org\/{rel}","templated":true}]}}