{"id":3185,"date":"2020-06-28T22:10:15","date_gmt":"2020-06-28T21:10:15","guid":{"rendered":"http:\/\/seaborn.local\/chris-eldredge\/"},"modified":"2020-06-29T18:08:51","modified_gmt":"2020-06-29T17:08:51","slug":"chris-eldredge","status":"publish","type":"page","link":"https:\/\/seabornnetworks.com\/homolog\/sobre\/membros-do-conselho\/chris-eldredge\/?lang=pt-br","title":{"rendered":"Chris Eldredge"},"content":{"rendered":"<p>Christopher P. Eldredge \u00e9 ex-presidente e CEO da DuPont Fabros Technology (DFT). Eldredge reposicionou a empresa e estabeleceu sua estrat\u00e9gia de expans\u00e3o, o que acabou levando \u00e0 sua venda \u00e0 Digital Reality Trust por 22,9x EBITDA e mais de 24% de pr\u00eamio. Durante seu mandato como CEO, ele aumentou o retorno dos acionistas em mais de 140% (~ 58% ao ano), triplicou o pre\u00e7o das a\u00e7\u00f5es, alugou mais de 157 megawatts de capacidade e mais do que dobrou o valor de mercado da empresa de US $ 2,8 bilh\u00f5es para US $ 7,9 bilh\u00f5es. Al\u00e9m disso, Eldredge atraiu US $ 2 bilh\u00f5es adicionais de novos investidores ao mesmo tempo em que reformulava as opera\u00e7\u00f5es da empresa, reduzindo o custo de constru\u00e7\u00e3o em 15% e aumentando o ROI para mais de 14%.<\/p>\n<p>Reconhecido por ter tido a melhor rentabilidade e retorno ao acionista por espa\u00e7o alugado, Eldredge trabalha no setor de infraestrutura e telecomunica\u00e7\u00f5es de TI h\u00e1 quase duas d\u00e9cadas. Ele \u00e9 continuamente reconhecido por sua s\u00f3lida experi\u00eancia em gest\u00e3o executiva, desenvolvimento estrat\u00e9gico de neg\u00f3cios, fus\u00f5es e aquisi\u00e7\u00f5es de planejamento t\u00e1tico, opera\u00e7\u00f5es e vendas.<\/p>\n<p>Antes de ingressar na DFT, Eldredge foi vice-presidente executivo de solu\u00e7\u00f5es globais na NTT America Inc., um dos maiores fornecedores globais de servi\u00e7os de infraestrutura de TI. Na NTT America, ele liderou os servi\u00e7os de data center, infraestrutura em nuvem, rede e servi\u00e7os gerenciados. Anteriormente, Eldredge foi presidente e gerente geral do The Telx Group Inc., um provedor de servi\u00e7os de interconex\u00e3o e compartilhamento, nuvem e servi\u00e7os gerenciados, onde aumentou as margens de lucro em mais de 20%. Ele tamb\u00e9m trabalhou como vice-presidente executivo da Broadview Networks, uma empresa de troca de tr\u00e1fego local que se tornou nacional. Antes disso, Eldredge ocupou o cargo de vice-presidente corporativo da Frontier Communications, onde foi respons\u00e1vel por mais de US $ 600 milh\u00f5es em receitas anuais com uma taxa de crescimento de 10% ano a ano. Ele tamb\u00e9m atuou como diretor executivo da Cablevision e foi membro do programa de desenvolvimento de executivos com alto potencial.<\/p>\n<p>Eldredge recebeu um MBA do Dowling College; um mestrado em artes da comunica\u00e7\u00e3o pelo Instituto de Tecnologia de Nova York; \u00e9 bacharel em administra\u00e7\u00e3o de empresas em marketing pela Universidade Hofstra, onde obteve uma bolsa esportiva completa.<\/p>\n","protected":false},"excerpt":{"rendered":"<p>Christopher P. Eldredge \u00e9 ex-presidente e CEO da DuPont Fabros Technology (DFT). Eldredge reposicionou a empresa e estabeleceu sua estrat\u00e9gia de expans\u00e3o, o que acabou levando \u00e0 sua venda \u00e0 Digital Reality Trust por 22,9x EBITDA e mais de 24% de pr\u00eamio. Durante seu mandato como CEO, ele aumentou o retorno dos acionistas em mais [&hellip;]<\/p>\n","protected":false},"author":2,"featured_media":3158,"parent":3187,"menu_order":4,"comment_status":"closed","ping_status":"closed","template":"templates\/team.php","meta":{"_acf_changed":false,"footnotes":""},"class_list":["post-3185","page","type-page","status-publish","has-post-thumbnail","hentry"],"acf":[],"yoast_head":"<!-- This site is optimized with the Yoast SEO plugin v27.5 - https:\/\/yoast.com\/product\/yoast-seo-wordpress\/ -->\n<title>Chris Eldredge - Seaborn Networks<\/title>\n<meta name=\"robots\" content=\"index, follow, max-snippet:-1, max-image-preview:large, max-video-preview:-1\" \/>\n<link rel=\"canonical\" href=\"https:\/\/seabornnetworks.com\/homolog\/sobre\/membros-do-conselho\/chris-eldredge\/?lang=pt-br\" \/>\n<meta property=\"og:locale\" content=\"en_US\" \/>\n<meta property=\"og:type\" content=\"article\" \/>\n<meta property=\"og:title\" content=\"Chris Eldredge - Seaborn Networks\" \/>\n<meta property=\"og:description\" content=\"Christopher P. Eldredge \u00e9 ex-presidente e CEO da DuPont Fabros Technology (DFT). Eldredge reposicionou a empresa e estabeleceu sua estrat\u00e9gia de expans\u00e3o, o que acabou levando \u00e0 sua venda \u00e0 Digital Reality Trust por 22,9x EBITDA e mais de 24% de pr\u00eamio. Durante seu mandato como CEO, ele aumentou o retorno dos acionistas em mais [&hellip;]\" \/>\n<meta property=\"og:url\" content=\"https:\/\/seabornnetworks.com\/homolog\/sobre\/membros-do-conselho\/chris-eldredge\/?lang=pt-br\" \/>\n<meta property=\"og:site_name\" content=\"Seaborn Networks\" \/>\n<meta property=\"article:publisher\" content=\"https:\/\/www.facebook.com\/seabornnetworks\" \/>\n<meta property=\"article:modified_time\" content=\"2020-06-29T17:08:51+00:00\" \/>\n<meta property=\"og:image\" content=\"https:\/\/seabornnetworks.com\/homolog\/wp-content\/uploads\/2020\/06\/chris-eldredge.jpg\" \/>\n\t<meta property=\"og:image:width\" content=\"500\" \/>\n\t<meta property=\"og:image:height\" content=\"500\" \/>\n\t<meta property=\"og:image:type\" content=\"image\/jpeg\" \/>\n<meta name=\"twitter:card\" content=\"summary_large_image\" \/>\n<meta name=\"twitter:site\" content=\"@seabornnetworks\" \/>\n<meta name=\"twitter:label1\" content=\"Est. reading time\" \/>\n\t<meta name=\"twitter:data1\" content=\"2 minutes\" \/>\n<script type=\"application\/ld+json\" class=\"yoast-schema-graph\">{\"@context\":\"https:\\\/\\\/schema.org\",\"@graph\":[{\"@type\":\"WebPage\",\"@id\":\"https:\\\/\\\/seabornnetworks.com\\\/homolog\\\/sobre\\\/membros-do-conselho\\\/chris-eldredge\\\/?lang=pt-br\",\"url\":\"https:\\\/\\\/seabornnetworks.com\\\/homolog\\\/sobre\\\/membros-do-conselho\\\/chris-eldredge\\\/?lang=pt-br\",\"name\":\"Chris Eldredge - Seaborn Networks\",\"isPartOf\":{\"@id\":\"https:\\\/\\\/seabornnetworks.com\\\/homolog\\\/#website\"},\"primaryImageOfPage\":{\"@id\":\"https:\\\/\\\/seabornnetworks.com\\\/homolog\\\/sobre\\\/membros-do-conselho\\\/chris-eldredge\\\/?lang=pt-br#primaryimage\"},\"image\":{\"@id\":\"https:\\\/\\\/seabornnetworks.com\\\/homolog\\\/sobre\\\/membros-do-conselho\\\/chris-eldredge\\\/?lang=pt-br#primaryimage\"},\"thumbnailUrl\":\"https:\\\/\\\/seabornnetworks.com\\\/homolog\\\/wp-content\\\/uploads\\\/2020\\\/06\\\/chris-eldredge.jpg\",\"datePublished\":\"2020-06-28T21:10:15+00:00\",\"dateModified\":\"2020-06-29T17:08:51+00:00\",\"breadcrumb\":{\"@id\":\"https:\\\/\\\/seabornnetworks.com\\\/homolog\\\/sobre\\\/membros-do-conselho\\\/chris-eldredge\\\/?lang=pt-br#breadcrumb\"},\"inLanguage\":\"en-US\",\"potentialAction\":[{\"@type\":\"ReadAction\",\"target\":[\"https:\\\/\\\/seabornnetworks.com\\\/homolog\\\/sobre\\\/membros-do-conselho\\\/chris-eldredge\\\/?lang=pt-br\"]}]},{\"@type\":\"ImageObject\",\"inLanguage\":\"en-US\",\"@id\":\"https:\\\/\\\/seabornnetworks.com\\\/homolog\\\/sobre\\\/membros-do-conselho\\\/chris-eldredge\\\/?lang=pt-br#primaryimage\",\"url\":\"https:\\\/\\\/seabornnetworks.com\\\/homolog\\\/wp-content\\\/uploads\\\/2020\\\/06\\\/chris-eldredge.jpg\",\"contentUrl\":\"https:\\\/\\\/seabornnetworks.com\\\/homolog\\\/wp-content\\\/uploads\\\/2020\\\/06\\\/chris-eldredge.jpg\",\"width\":500,\"height\":500},{\"@type\":\"BreadcrumbList\",\"@id\":\"https:\\\/\\\/seabornnetworks.com\\\/homolog\\\/sobre\\\/membros-do-conselho\\\/chris-eldredge\\\/?lang=pt-br#breadcrumb\",\"itemListElement\":[{\"@type\":\"ListItem\",\"position\":1,\"name\":\"Home\",\"item\":\"https:\\\/\\\/seabornnetworks.com\\\/homolog\\\/\"},{\"@type\":\"ListItem\",\"position\":2,\"name\":\"Sobre a Seaborn Networks\",\"item\":\"https:\\\/\\\/seabornnetworks.com\\\/homolog\\\/sobre\\\/?lang=pt-br\"},{\"@type\":\"ListItem\",\"position\":3,\"name\":\"Membros do Conselho\",\"item\":\"https:\\\/\\\/seabornnetworks.com\\\/homolog\\\/sobre\\\/membros-do-conselho\\\/?lang=pt-br\"},{\"@type\":\"ListItem\",\"position\":4,\"name\":\"Chris Eldredge\"}]},{\"@type\":\"WebSite\",\"@id\":\"https:\\\/\\\/seabornnetworks.com\\\/homolog\\\/#website\",\"url\":\"https:\\\/\\\/seabornnetworks.com\\\/homolog\\\/\",\"name\":\"Seaborn Networks\",\"description\":\"Seaborn Networks is transforming global communications as the leading independent developer-owner-operator of submarine fiber optic cable systems\",\"potentialAction\":[{\"@type\":\"SearchAction\",\"target\":{\"@type\":\"EntryPoint\",\"urlTemplate\":\"https:\\\/\\\/seabornnetworks.com\\\/homolog\\\/?s={search_term_string}\"},\"query-input\":{\"@type\":\"PropertyValueSpecification\",\"valueRequired\":true,\"valueName\":\"search_term_string\"}}],\"inLanguage\":\"en-US\"}]}<\/script>\n<!-- \/ Yoast SEO plugin. -->","yoast_head_json":{"title":"Chris Eldredge - Seaborn Networks","robots":{"index":"index","follow":"follow","max-snippet":"max-snippet:-1","max-image-preview":"max-image-preview:large","max-video-preview":"max-video-preview:-1"},"canonical":"https:\/\/seabornnetworks.com\/homolog\/sobre\/membros-do-conselho\/chris-eldredge\/?lang=pt-br","og_locale":"en_US","og_type":"article","og_title":"Chris Eldredge - Seaborn Networks","og_description":"Christopher P. Eldredge \u00e9 ex-presidente e CEO da DuPont Fabros Technology (DFT). Eldredge reposicionou a empresa e estabeleceu sua estrat\u00e9gia de expans\u00e3o, o que acabou levando \u00e0 sua venda \u00e0 Digital Reality Trust por 22,9x EBITDA e mais de 24% de pr\u00eamio. Durante seu mandato como CEO, ele aumentou o retorno dos acionistas em mais [&hellip;]","og_url":"https:\/\/seabornnetworks.com\/homolog\/sobre\/membros-do-conselho\/chris-eldredge\/?lang=pt-br","og_site_name":"Seaborn Networks","article_publisher":"https:\/\/www.facebook.com\/seabornnetworks","article_modified_time":"2020-06-29T17:08:51+00:00","og_image":[{"width":500,"height":500,"url":"https:\/\/seabornnetworks.com\/homolog\/wp-content\/uploads\/2020\/06\/chris-eldredge.jpg","type":"image\/jpeg"}],"twitter_card":"summary_large_image","twitter_site":"@seabornnetworks","twitter_misc":{"Est. reading time":"2 minutes"},"schema":{"@context":"https:\/\/schema.org","@graph":[{"@type":"WebPage","@id":"https:\/\/seabornnetworks.com\/homolog\/sobre\/membros-do-conselho\/chris-eldredge\/?lang=pt-br","url":"https:\/\/seabornnetworks.com\/homolog\/sobre\/membros-do-conselho\/chris-eldredge\/?lang=pt-br","name":"Chris Eldredge - Seaborn Networks","isPartOf":{"@id":"https:\/\/seabornnetworks.com\/homolog\/#website"},"primaryImageOfPage":{"@id":"https:\/\/seabornnetworks.com\/homolog\/sobre\/membros-do-conselho\/chris-eldredge\/?lang=pt-br#primaryimage"},"image":{"@id":"https:\/\/seabornnetworks.com\/homolog\/sobre\/membros-do-conselho\/chris-eldredge\/?lang=pt-br#primaryimage"},"thumbnailUrl":"https:\/\/seabornnetworks.com\/homolog\/wp-content\/uploads\/2020\/06\/chris-eldredge.jpg","datePublished":"2020-06-28T21:10:15+00:00","dateModified":"2020-06-29T17:08:51+00:00","breadcrumb":{"@id":"https:\/\/seabornnetworks.com\/homolog\/sobre\/membros-do-conselho\/chris-eldredge\/?lang=pt-br#breadcrumb"},"inLanguage":"en-US","potentialAction":[{"@type":"ReadAction","target":["https:\/\/seabornnetworks.com\/homolog\/sobre\/membros-do-conselho\/chris-eldredge\/?lang=pt-br"]}]},{"@type":"ImageObject","inLanguage":"en-US","@id":"https:\/\/seabornnetworks.com\/homolog\/sobre\/membros-do-conselho\/chris-eldredge\/?lang=pt-br#primaryimage","url":"https:\/\/seabornnetworks.com\/homolog\/wp-content\/uploads\/2020\/06\/chris-eldredge.jpg","contentUrl":"https:\/\/seabornnetworks.com\/homolog\/wp-content\/uploads\/2020\/06\/chris-eldredge.jpg","width":500,"height":500},{"@type":"BreadcrumbList","@id":"https:\/\/seabornnetworks.com\/homolog\/sobre\/membros-do-conselho\/chris-eldredge\/?lang=pt-br#breadcrumb","itemListElement":[{"@type":"ListItem","position":1,"name":"Home","item":"https:\/\/seabornnetworks.com\/homolog\/"},{"@type":"ListItem","position":2,"name":"Sobre a Seaborn Networks","item":"https:\/\/seabornnetworks.com\/homolog\/sobre\/?lang=pt-br"},{"@type":"ListItem","position":3,"name":"Membros do Conselho","item":"https:\/\/seabornnetworks.com\/homolog\/sobre\/membros-do-conselho\/?lang=pt-br"},{"@type":"ListItem","position":4,"name":"Chris Eldredge"}]},{"@type":"WebSite","@id":"https:\/\/seabornnetworks.com\/homolog\/#website","url":"https:\/\/seabornnetworks.com\/homolog\/","name":"Seaborn Networks","description":"Seaborn Networks is transforming global communications as the leading independent developer-owner-operator of submarine fiber optic cable systems","potentialAction":[{"@type":"SearchAction","target":{"@type":"EntryPoint","urlTemplate":"https:\/\/seabornnetworks.com\/homolog\/?s={search_term_string}"},"query-input":{"@type":"PropertyValueSpecification","valueRequired":true,"valueName":"search_term_string"}}],"inLanguage":"en-US"}]}},"_links":{"self":[{"href":"https:\/\/seabornnetworks.com\/homolog\/wp-json\/wp\/v2\/pages\/3185","targetHints":{"allow":["GET"]}}],"collection":[{"href":"https:\/\/seabornnetworks.com\/homolog\/wp-json\/wp\/v2\/pages"}],"about":[{"href":"https:\/\/seabornnetworks.com\/homolog\/wp-json\/wp\/v2\/types\/page"}],"author":[{"embeddable":true,"href":"https:\/\/seabornnetworks.com\/homolog\/wp-json\/wp\/v2\/users\/2"}],"replies":[{"embeddable":true,"href":"https:\/\/seabornnetworks.com\/homolog\/wp-json\/wp\/v2\/comments?post=3185"}],"version-history":[{"count":1,"href":"https:\/\/seabornnetworks.com\/homolog\/wp-json\/wp\/v2\/pages\/3185\/revisions"}],"predecessor-version":[{"id":3222,"href":"https:\/\/seabornnetworks.com\/homolog\/wp-json\/wp\/v2\/pages\/3185\/revisions\/3222"}],"up":[{"embeddable":true,"href":"https:\/\/seabornnetworks.com\/homolog\/wp-json\/wp\/v2\/pages\/3187"}],"wp:featuredmedia":[{"embeddable":true,"href":"https:\/\/seabornnetworks.com\/homolog\/wp-json\/wp\/v2\/media\/3158"}],"wp:attachment":[{"href":"https:\/\/seabornnetworks.com\/homolog\/wp-json\/wp\/v2\/media?parent=3185"}],"curies":[{"name":"wp","href":"https:\/\/api.w.org\/{rel}","templated":true}]}}