{"id":3794,"date":"2020-10-07T10:04:49","date_gmt":"2020-10-07T09:04:49","guid":{"rendered":"https:\/\/seabornnetworks.com\/homolog\/steve-orlando\/"},"modified":"2025-03-24T13:28:58","modified_gmt":"2025-03-24T13:28:58","slug":"steve-orlando","status":"publish","type":"page","link":"https:\/\/seabornnetworks.com\/homolog\/sobre\/gerencia-senior\/steve-orlando\/?lang=pt-br","title":{"rendered":"Steve Orlando"},"content":{"rendered":"<p>Steve \u00e9 o CEO da Seaborn. Ele \u00e9 respons\u00e1vel por supervisionar todos os aspectos do neg\u00f3cio, impulsionando a pr\u00f3xima fase de crescimento e gera\u00e7\u00e3o de valor da Seaborn.<\/p>\n<p>Com vinte e sete (27) anos de ampla experi\u00eancia no setor, Steve ocupou cargos de lideran\u00e7a s\u00eaniores na Zayo Group, CenturyLink, Level 3 Communications, Global Crossing e Verizon Business. Essas fun\u00e7\u00f5es inclu\u00edram vendas dom\u00e9sticas e globais, planejamento estrat\u00e9gico, bem como P&#038;L e aloca\u00e7\u00e3o de capital para servi\u00e7os de infraestrutura e gerenciamento das \u00e1reas multifuncionais associadas em opera\u00e7\u00f5es, finan\u00e7as, desenvolvimento de rede, produto para impulsionar EBITDA recorrente, otimiza\u00e7\u00e3o de custos e crescimento de TIR.<\/p>\n<p>Steve foi vice-presidente s\u00eanior do Zayo Group, um dos maiores provedores de servi\u00e7os de infraestrutura do mundo. Anteriormente, ele ocupou cargos de vice-presidente regional na CenturyLink, Level 3 Communications e Global Crossing de 2007 a 2018, onde liderou o programa de contas globais da Am\u00e9rica do Norte e diversas fun\u00e7\u00f5es de lideran\u00e7a com foco em grandes empresas. Steve tamb\u00e9m trabalhou na Verizon Business de 2004 a 2007 como vice-presidente, liderando equipes em v\u00e1rias regi\u00f5es que gerenciavam contas comerciais. Antes da Verizon Business, Steve ocupou v\u00e1rios cargos de vendas e lideran\u00e7a na MCI e na Global Crossing.<\/p>\n<p>Steve \u00e9 bacharel em Administra\u00e7\u00e3o de Empresas e Economia pelo Lafayette College e mestre em Administra\u00e7\u00e3o de Empresas pela California University of Pennsylvania.<\/p>\n","protected":false},"excerpt":{"rendered":"<p>Steve \u00e9 o CEO da Seaborn. Ele \u00e9 respons\u00e1vel por supervisionar todos os aspectos do neg\u00f3cio, impulsionando a pr\u00f3xima fase de crescimento e gera\u00e7\u00e3o de valor da Seaborn. Com vinte e sete (27) anos de ampla experi\u00eancia no setor, Steve ocupou cargos de lideran\u00e7a s\u00eaniores na Zayo Group, CenturyLink, Level 3 Communications, Global Crossing e [&hellip;]<\/p>\n","protected":false},"author":2,"featured_media":5288,"parent":2593,"menu_order":1,"comment_status":"closed","ping_status":"closed","template":"","meta":{"_acf_changed":false,"footnotes":""},"class_list":["post-3794","page","type-page","status-publish","has-post-thumbnail","hentry"],"acf":[],"yoast_head":"<!-- This site is optimized with the Yoast SEO plugin v27.5 - https:\/\/yoast.com\/product\/yoast-seo-wordpress\/ -->\n<title>Steve Orlando - Seaborn Networks<\/title>\n<meta name=\"robots\" content=\"index, follow, max-snippet:-1, max-image-preview:large, max-video-preview:-1\" \/>\n<link rel=\"canonical\" href=\"https:\/\/seabornnetworks.com\/homolog\/sobre\/gerencia-senior\/steve-orlando\/?lang=pt-br\" \/>\n<meta property=\"og:locale\" content=\"en_US\" \/>\n<meta property=\"og:type\" content=\"article\" \/>\n<meta property=\"og:title\" content=\"Steve Orlando - Seaborn Networks\" \/>\n<meta property=\"og:description\" content=\"Steve \u00e9 o CEO da Seaborn. Ele \u00e9 respons\u00e1vel por supervisionar todos os aspectos do neg\u00f3cio, impulsionando a pr\u00f3xima fase de crescimento e gera\u00e7\u00e3o de valor da Seaborn. Com vinte e sete (27) anos de ampla experi\u00eancia no setor, Steve ocupou cargos de lideran\u00e7a s\u00eaniores na Zayo Group, CenturyLink, Level 3 Communications, Global Crossing e [&hellip;]\" \/>\n<meta property=\"og:url\" content=\"https:\/\/seabornnetworks.com\/homolog\/sobre\/gerencia-senior\/steve-orlando\/?lang=pt-br\" \/>\n<meta property=\"og:site_name\" content=\"Seaborn Networks\" \/>\n<meta property=\"article:publisher\" content=\"https:\/\/www.facebook.com\/seabornnetworks\" \/>\n<meta property=\"article:modified_time\" content=\"2025-03-24T13:28:58+00:00\" \/>\n<meta property=\"og:image\" content=\"https:\/\/seabornnetworks.com\/homolog\/wp-content\/uploads\/2025\/03\/Steve-Orlando.jpg\" \/>\n\t<meta property=\"og:image:width\" content=\"500\" \/>\n\t<meta property=\"og:image:height\" content=\"500\" \/>\n\t<meta property=\"og:image:type\" content=\"image\/jpeg\" \/>\n<meta name=\"twitter:card\" content=\"summary_large_image\" \/>\n<meta name=\"twitter:site\" content=\"@seabornnetworks\" \/>\n<meta name=\"twitter:label1\" content=\"Est. reading time\" \/>\n\t<meta name=\"twitter:data1\" content=\"2 minutes\" \/>\n<script type=\"application\/ld+json\" class=\"yoast-schema-graph\">{\"@context\":\"https:\\\/\\\/schema.org\",\"@graph\":[{\"@type\":\"WebPage\",\"@id\":\"https:\\\/\\\/seabornnetworks.com\\\/homolog\\\/sobre\\\/gerencia-senior\\\/steve-orlando\\\/?lang=pt-br\",\"url\":\"https:\\\/\\\/seabornnetworks.com\\\/homolog\\\/sobre\\\/gerencia-senior\\\/steve-orlando\\\/?lang=pt-br\",\"name\":\"Steve Orlando - Seaborn Networks\",\"isPartOf\":{\"@id\":\"https:\\\/\\\/seabornnetworks.com\\\/homolog\\\/#website\"},\"primaryImageOfPage\":{\"@id\":\"https:\\\/\\\/seabornnetworks.com\\\/homolog\\\/sobre\\\/gerencia-senior\\\/steve-orlando\\\/?lang=pt-br#primaryimage\"},\"image\":{\"@id\":\"https:\\\/\\\/seabornnetworks.com\\\/homolog\\\/sobre\\\/gerencia-senior\\\/steve-orlando\\\/?lang=pt-br#primaryimage\"},\"thumbnailUrl\":\"https:\\\/\\\/seabornnetworks.com\\\/homolog\\\/wp-content\\\/uploads\\\/2025\\\/03\\\/Steve-Orlando.jpg\",\"datePublished\":\"2020-10-07T09:04:49+00:00\",\"dateModified\":\"2025-03-24T13:28:58+00:00\",\"breadcrumb\":{\"@id\":\"https:\\\/\\\/seabornnetworks.com\\\/homolog\\\/sobre\\\/gerencia-senior\\\/steve-orlando\\\/?lang=pt-br#breadcrumb\"},\"inLanguage\":\"en-US\",\"potentialAction\":[{\"@type\":\"ReadAction\",\"target\":[\"https:\\\/\\\/seabornnetworks.com\\\/homolog\\\/sobre\\\/gerencia-senior\\\/steve-orlando\\\/?lang=pt-br\"]}]},{\"@type\":\"ImageObject\",\"inLanguage\":\"en-US\",\"@id\":\"https:\\\/\\\/seabornnetworks.com\\\/homolog\\\/sobre\\\/gerencia-senior\\\/steve-orlando\\\/?lang=pt-br#primaryimage\",\"url\":\"https:\\\/\\\/seabornnetworks.com\\\/homolog\\\/wp-content\\\/uploads\\\/2025\\\/03\\\/Steve-Orlando.jpg\",\"contentUrl\":\"https:\\\/\\\/seabornnetworks.com\\\/homolog\\\/wp-content\\\/uploads\\\/2025\\\/03\\\/Steve-Orlando.jpg\",\"width\":500,\"height\":500},{\"@type\":\"BreadcrumbList\",\"@id\":\"https:\\\/\\\/seabornnetworks.com\\\/homolog\\\/sobre\\\/gerencia-senior\\\/steve-orlando\\\/?lang=pt-br#breadcrumb\",\"itemListElement\":[{\"@type\":\"ListItem\",\"position\":1,\"name\":\"Home\",\"item\":\"https:\\\/\\\/seabornnetworks.com\\\/homolog\\\/\"},{\"@type\":\"ListItem\",\"position\":2,\"name\":\"Sobre a Seaborn Networks\",\"item\":\"https:\\\/\\\/seabornnetworks.com\\\/homolog\\\/sobre\\\/?lang=pt-br\"},{\"@type\":\"ListItem\",\"position\":3,\"name\":\"Ger\u00eancia S\u00eanior\",\"item\":\"https:\\\/\\\/seabornnetworks.com\\\/homolog\\\/sobre\\\/gerencia-senior\\\/?lang=pt-br\"},{\"@type\":\"ListItem\",\"position\":4,\"name\":\"Steve Orlando\"}]},{\"@type\":\"WebSite\",\"@id\":\"https:\\\/\\\/seabornnetworks.com\\\/homolog\\\/#website\",\"url\":\"https:\\\/\\\/seabornnetworks.com\\\/homolog\\\/\",\"name\":\"Seaborn Networks\",\"description\":\"Seaborn Networks is transforming global communications as the leading independent developer-owner-operator of submarine fiber optic cable systems\",\"potentialAction\":[{\"@type\":\"SearchAction\",\"target\":{\"@type\":\"EntryPoint\",\"urlTemplate\":\"https:\\\/\\\/seabornnetworks.com\\\/homolog\\\/?s={search_term_string}\"},\"query-input\":{\"@type\":\"PropertyValueSpecification\",\"valueRequired\":true,\"valueName\":\"search_term_string\"}}],\"inLanguage\":\"en-US\"}]}<\/script>\n<!-- \/ Yoast SEO plugin. -->","yoast_head_json":{"title":"Steve Orlando - Seaborn Networks","robots":{"index":"index","follow":"follow","max-snippet":"max-snippet:-1","max-image-preview":"max-image-preview:large","max-video-preview":"max-video-preview:-1"},"canonical":"https:\/\/seabornnetworks.com\/homolog\/sobre\/gerencia-senior\/steve-orlando\/?lang=pt-br","og_locale":"en_US","og_type":"article","og_title":"Steve Orlando - Seaborn Networks","og_description":"Steve \u00e9 o CEO da Seaborn. Ele \u00e9 respons\u00e1vel por supervisionar todos os aspectos do neg\u00f3cio, impulsionando a pr\u00f3xima fase de crescimento e gera\u00e7\u00e3o de valor da Seaborn. Com vinte e sete (27) anos de ampla experi\u00eancia no setor, Steve ocupou cargos de lideran\u00e7a s\u00eaniores na Zayo Group, CenturyLink, Level 3 Communications, Global Crossing e [&hellip;]","og_url":"https:\/\/seabornnetworks.com\/homolog\/sobre\/gerencia-senior\/steve-orlando\/?lang=pt-br","og_site_name":"Seaborn Networks","article_publisher":"https:\/\/www.facebook.com\/seabornnetworks","article_modified_time":"2025-03-24T13:28:58+00:00","og_image":[{"width":500,"height":500,"url":"https:\/\/seabornnetworks.com\/homolog\/wp-content\/uploads\/2025\/03\/Steve-Orlando.jpg","type":"image\/jpeg"}],"twitter_card":"summary_large_image","twitter_site":"@seabornnetworks","twitter_misc":{"Est. reading time":"2 minutes"},"schema":{"@context":"https:\/\/schema.org","@graph":[{"@type":"WebPage","@id":"https:\/\/seabornnetworks.com\/homolog\/sobre\/gerencia-senior\/steve-orlando\/?lang=pt-br","url":"https:\/\/seabornnetworks.com\/homolog\/sobre\/gerencia-senior\/steve-orlando\/?lang=pt-br","name":"Steve Orlando - Seaborn Networks","isPartOf":{"@id":"https:\/\/seabornnetworks.com\/homolog\/#website"},"primaryImageOfPage":{"@id":"https:\/\/seabornnetworks.com\/homolog\/sobre\/gerencia-senior\/steve-orlando\/?lang=pt-br#primaryimage"},"image":{"@id":"https:\/\/seabornnetworks.com\/homolog\/sobre\/gerencia-senior\/steve-orlando\/?lang=pt-br#primaryimage"},"thumbnailUrl":"https:\/\/seabornnetworks.com\/homolog\/wp-content\/uploads\/2025\/03\/Steve-Orlando.jpg","datePublished":"2020-10-07T09:04:49+00:00","dateModified":"2025-03-24T13:28:58+00:00","breadcrumb":{"@id":"https:\/\/seabornnetworks.com\/homolog\/sobre\/gerencia-senior\/steve-orlando\/?lang=pt-br#breadcrumb"},"inLanguage":"en-US","potentialAction":[{"@type":"ReadAction","target":["https:\/\/seabornnetworks.com\/homolog\/sobre\/gerencia-senior\/steve-orlando\/?lang=pt-br"]}]},{"@type":"ImageObject","inLanguage":"en-US","@id":"https:\/\/seabornnetworks.com\/homolog\/sobre\/gerencia-senior\/steve-orlando\/?lang=pt-br#primaryimage","url":"https:\/\/seabornnetworks.com\/homolog\/wp-content\/uploads\/2025\/03\/Steve-Orlando.jpg","contentUrl":"https:\/\/seabornnetworks.com\/homolog\/wp-content\/uploads\/2025\/03\/Steve-Orlando.jpg","width":500,"height":500},{"@type":"BreadcrumbList","@id":"https:\/\/seabornnetworks.com\/homolog\/sobre\/gerencia-senior\/steve-orlando\/?lang=pt-br#breadcrumb","itemListElement":[{"@type":"ListItem","position":1,"name":"Home","item":"https:\/\/seabornnetworks.com\/homolog\/"},{"@type":"ListItem","position":2,"name":"Sobre a Seaborn Networks","item":"https:\/\/seabornnetworks.com\/homolog\/sobre\/?lang=pt-br"},{"@type":"ListItem","position":3,"name":"Ger\u00eancia S\u00eanior","item":"https:\/\/seabornnetworks.com\/homolog\/sobre\/gerencia-senior\/?lang=pt-br"},{"@type":"ListItem","position":4,"name":"Steve Orlando"}]},{"@type":"WebSite","@id":"https:\/\/seabornnetworks.com\/homolog\/#website","url":"https:\/\/seabornnetworks.com\/homolog\/","name":"Seaborn Networks","description":"Seaborn Networks is transforming global communications as the leading independent developer-owner-operator of submarine fiber optic cable systems","potentialAction":[{"@type":"SearchAction","target":{"@type":"EntryPoint","urlTemplate":"https:\/\/seabornnetworks.com\/homolog\/?s={search_term_string}"},"query-input":{"@type":"PropertyValueSpecification","valueRequired":true,"valueName":"search_term_string"}}],"inLanguage":"en-US"}]}},"_links":{"self":[{"href":"https:\/\/seabornnetworks.com\/homolog\/wp-json\/wp\/v2\/pages\/3794","targetHints":{"allow":["GET"]}}],"collection":[{"href":"https:\/\/seabornnetworks.com\/homolog\/wp-json\/wp\/v2\/pages"}],"about":[{"href":"https:\/\/seabornnetworks.com\/homolog\/wp-json\/wp\/v2\/types\/page"}],"author":[{"embeddable":true,"href":"https:\/\/seabornnetworks.com\/homolog\/wp-json\/wp\/v2\/users\/2"}],"replies":[{"embeddable":true,"href":"https:\/\/seabornnetworks.com\/homolog\/wp-json\/wp\/v2\/comments?post=3794"}],"version-history":[{"count":2,"href":"https:\/\/seabornnetworks.com\/homolog\/wp-json\/wp\/v2\/pages\/3794\/revisions"}],"predecessor-version":[{"id":5272,"href":"https:\/\/seabornnetworks.com\/homolog\/wp-json\/wp\/v2\/pages\/3794\/revisions\/5272"}],"up":[{"embeddable":true,"href":"https:\/\/seabornnetworks.com\/homolog\/wp-json\/wp\/v2\/pages\/2593"}],"wp:featuredmedia":[{"embeddable":true,"href":"https:\/\/seabornnetworks.com\/homolog\/wp-json\/wp\/v2\/media\/5288"}],"wp:attachment":[{"href":"https:\/\/seabornnetworks.com\/homolog\/wp-json\/wp\/v2\/media?parent=3794"}],"curies":[{"name":"wp","href":"https:\/\/api.w.org\/{rel}","templated":true}]}}